and 739367703?
27
What is the greatest common divisor of 1419949 and 2035?
37
Calculate the greatest common factor of 2583544 and 45011.
437
What is the greatest common factor of 970114985 and 392?
49
What is the greatest common factor of 10728702 and 32067?
4581
What is the greatest common divisor of 11986739 and 124?
31
Calculate the greatest common divisor of 960 and 1062925280.
160
What is the greatest common divisor of 5529 and 6048?
3
Calculate the highest common factor of 123468 and 2172.
12
What is the highest common divisor of 6170770 and 1710?
10
What is the highest common factor of 1002600133 and 421?
421
Calculate the highest common divisor of 5568076 and 118231.
863
Calculate the greatest common divisor of 944008 and 6422.
26
Calculate the greatest common factor of 98679 and 1753743.
381
Calculate the greatest common divisor of 54810367 and 213.
71
What is the highest common factor of 2032130152 and 104?
104
Calculate the highest common factor of 146049542 and 7467.
2489
What is the highest common factor of 2695 and 10907380?
55
Calculate the highest common factor of 6083 and 1244408.
869
Calculate the highest common divisor of 4913906 and 3846.
1282
What is the highest common divisor of 84987 and 128079?
1197
Calculate the greatest common factor of 32037982 and 493.
29
Calculate the highest common divisor of 162469 and 10279.
19
What is the highest common factor of 133 and 24617787?
19
What is the highest common divisor of 606996 and 648500?
5188
What is the greatest common factor of 73568617 and 37?
37
What is the highest common factor of 4131 and 142830?
27
Calculate the highest common divisor of 104128 and 145472.
64
What is the highest common divisor of 13404737 and 886?
443
Calculate the greatest common divisor of 6830 and 248612.
1366
What is the greatest common divisor of 29037690 and 671?
11
Calculate the highest common divisor of 325176 and 8.
8
Calculate the greatest common factor of 305171 and 15553.
151
Calculate the highest common factor of 59 and 73834842.
59
Calculate the greatest common divisor of 1047452 and 292.
4
What is the greatest common divisor of 400 and 7542350?
50
Calculate the greatest common factor of 734396 and 472004.
1508
Calculate the greatest common divisor of 1695 and 1043440305.
1695
Calculate the greatest common factor of 2929716 and 540.
108
What is the highest common divisor of 2885022 and 12642?
294
Calculate the highest common divisor of 18686998 and 5324.
242
Calculate the highest common factor of 2478 and 1546626.
354
Calculate the highest common factor of 723654 and 711742.
2978
Calculate the highest common factor of 5807144 and 672.
56
What is the highest common divisor of 230307 and 1617?
231
What is the highest common factor of 28981798 and 188?
94
What is the highest common factor of 166610 and 910?
10
What is the highest common factor of 191081792 and 5888?
1472
What is the highest common factor of 66331 and 18419?
113
Calculate the greatest common factor of 2300 and 3305675.
575
Calculate the greatest common divisor of 3085092 and 576.
36
What is the greatest common divisor of 7344 and 508521?
51
What is the highest common divisor of 384407583 and 20187?
6729
Calculate the highest common divisor of 6574756 and 3816.
212
Calculate the highest common factor of 71379 and 35959.
77
What is the greatest common factor of 4100 and 253626?
82
What is the greatest common divisor of 252 and 2251382?
14
Calculate the highest common factor of 321 and 7135937.
107
Calculate the highest common factor of 29689 and 9350.
11
Calculate the greatest common factor of 3134139 and 1239.
177
Calculate the greatest common factor of 58493408 and 543.
181
Calculate the greatest common factor of 27714212 and 716.
716
What is the highest common divisor of 15053123 and 14624?
457
What is the greatest common divisor of 26 and 61139?
13
What is the greatest common factor of 24613776 and 58608?
1584
What is the highest common factor of 2005 and 666061?
401
Calculate the greatest common factor of 1026 and 118294.
38
Calculate the greatest common factor of 283642575 and 75.
75
What is the highest common factor of 161 and 20720723?
23
Calculate the highest common factor of 52346976 and 1056.
1056
What is the greatest common factor of 329472 and 143832?
312
Calculate the highest common factor of 3292635 and 29977.
967
Calculate the greatest common factor of 387 and 1712979.
9
Calculate the highest common factor of 220482 and 979614.
162
Calculate the highest common divisor of 133 and 80853569.
19
What is the highest common factor of 4880 and 5918464?
976
What is the greatest common factor of 43725760 and 1040?
1040
What is the greatest common divisor of 6034061 and 15136?
473
Calculate the highest common factor of 77 and 1177319.
11
What is the highest common factor of 5819 and 2012615?
253
Calculate the greatest common divisor of 434 and 2127778.
62
Calculate the highest common divisor of 292702 and 6572.
62
What is the highest common factor of 9158646 and 6118?
6118
What is the highest common divisor of 16086 and 4789722?
42
What is the highest common divisor of 30426838 and 4964?
2482
Calculate the greatest common divisor of 3230 and 681854615.
1615
What is the greatest common divisor of 58 and 2796148796?
58
What is the greatest common factor of 2974047 and 18693?
93
What is the highest common factor of 154 and 1471456?
14
What is the highest common divisor of 3080 and 9787624?
616
What is the greatest common divisor of 17836130 and 182?
26
What is the highest common divisor of 907774 and 1570?
314
Calculate the greatest common factor of 168 and 51895784.
8
What is the greatest common factor of 24234 and 53634?
42
Calculate the greatest common divisor of 40628 and 20524.
28
Calculate the highest common factor of 8857 and 420546.
17
What is the highest common divisor of 38310972 and 15834?
1218
Calculate the highest common factor of 82709503 and 137.
137
Calculate the highest common factor of 5535152 and 5264.
112
Calculate the highest common factor of 87360 and 11480.
280
Calculate the highest common divisor of 5725131 and 375733.
619
Calculate the highest common divisor of 1078 and 1448636.
98
Calculate the highest common factor of 78648329 and 3199.
457
What is the greatest common factor of 1424051 and 2921?
127
What is the highest common factor of 51969918 and 2574?
858
Calculate the greatest common factor of 10524 and 8350404.
12
What is the highest common factor of 104336 and 4?
4
Calculate the greatest common factor of 129052539 and 1314.
657
What is the highest common factor of 3442206 and 208157?
5077
What is the greatest common factor of 1434 and 15939866?
478
Calculate the highest common divisor of 12894 and 2366448.
42
What is the highest common factor of 3660295 and 7760?
485
Calculate the greatest common divisor of 12056 and 4587528.
88
What is the highest common factor of 17 and 943840?
17
What is the highest common divisor of 47274 and 4538?
2
Calculate the highest common factor of 1688880 and 440.
40
Calculate the greatest common divisor of 5322947 and 79240.
1981
What is the greatest common factor of 4042 and 695690851?
2021
Calculate the greatest common divisor of 140 and 506580.
20
What is the highest common factor of 5940 and 186145560?
540
What is the highest common factor of 129723 and 5940?
33
Calculate the highest common divisor of 129360 and 146640.
240
What is the highest common divisor of 7601980 and 438060?
2980
Calculate the greatest common factor of 56804 and 493196.
44
What is the highest common divisor of 7475 and 1470850?
575
What is the greatest common divisor of 4095 and 3014011?
91
What is the highest common divisor of 14 and 56215796?
14
Calculate the highest common divisor of 44406145 and 175.
35
Calculate the greatest common factor of 70726930 and 3040.
190
Calculate the highest common divisor of 17548 and 6759875.
41
What is the highest common factor of 755490 and 4830?
30
What is the highest common divisor of 1177539 and 11220?
561
Calculate the greatest common divisor of 56 and 114721138.
14
Calculate the greatest common factor of 237042 and 95238.
234
What is the highest common divisor of 11172192 and 336864?
2784
What is the highest common divisor of 1060588 and 41